 r be f(22). Let x(m) = m**3 + 4*m**2 - 2*m - 5. What is x(r)?
3
Let s(m) = 2*m**2 + 2*m + 1. Let x be s(-1). Let o(u) = u**3. What is o(x)?
1
Let p(s) = 9*s - 13*s + 5 + s + 2*s. Determine p(5).
0
Let r(t) = 2*t. Let b(i) = i**2 - 14*i + 36. Let n be b(11). Calculate r(n).
6
Let a(n) = -n**2 + 2*n - 10. Let i(z) = -z + 1. Let d(q) = a(q) + 6*i(q). Suppose -2*p = -10*p - 32. Give d(p).
-4
Let l(f) = 3*f**3 + f**2 + 9*f + 6. Let v(k) = 8*k**3 + 4*k**2 + 26*k + 17. Let h(w) = -11*l(w) + 4*v(w). What is h(6)?
-4
Let x(m) = -51*m - 7 + 15*m + 22*m + 15*m. What is x(0)?
-7
Let r(s) = -5 + 3 + 3 + 3*s. Let c be (-1)/(-2) - 3/(-6). Determine r(c).
4
Let j(w) = -6*w**3 - 12*w**2 - 5*w - 1. Let z(f) = -5*f**3 - 11*f**2 - 4*f - 1. Let r(m) = 6*j(m) - 7*z(m). Determine r(4).
9
Suppose -3*u + 12 = -0*u. Let n(g) be the second derivative of -g**4/24 + 4*g**3/3 + g**2 + 5*g. Let r(o) be the first derivative of n(o). What is r(u)?
4
Let g be (-2)/(-3) - (-315)/(-27). Let w = 29 + g. Suppose 5*t - t - w = -3*v, -5 = -t - v. Let l(k) = -k**3 + 3*k**2 - 4*k + 4. Give l(t).
-8
Let m(h) = -h**2 + 3*h - 1. Suppose -5*b + 3*f + 32 = -0*b, 5*b = -2*f + 12. Calculate m(b).
-5
Let y(o) = o. Let x(m) = 3*m + 7. Let i(t) = -t**3 + 4*t**2 + 4*t + 4. Let l be i(5). Let p(w) = l*x(w) + 4*y(w). Suppose -4*v = -2*v - 8. Calculate p(v).
-3
Let r(g) = -3*g**3 + 11*g**2 + g + 2. Let j(m) = -5*m**3 + 17*m**2 + m + 3. Let c(q) = 5*j(q) - 8*r(q). Suppose 0 = p - 1 + 3. Calculate c(p).
1
Let k(m) = -m**2 + 3*m - 2. Suppose -5*i + 60 = -i. Suppose -6*f + i = -f. Let b be f/((-9)/(-4))*3. What is k(b)?
-6
Suppose -n = 5*g + 6, -n - 3*n = -4*g. Let f(x) = 2*x**2 + 5*x - 1. Let m(q) = q**2 + q - 1. Let u(s) = n*m(s) + f(s). Determine u(-4).
0
Let g(z) = -3*z. Let l be g(-1). Let p = 3 - -1. Let k(n) = n**3 + p*n - 5*n - 1 + l*n**3 - n**3. Calculate k(-1).
-3
Let p(g) = -3*g - 2. Let n(j) = -2*j - 1. Let a(v) = -8*n(v) + 5*p(v). Let k(o) = 0 - 11*o**2 - 2*o + 9*o**2 + 1. Let d be k(-2). Determine a(d).
-5
Let y(d) = -7*d. Let o(b) = b**3 + 8*b**2 + 5*b - 6. Let h be o(-7). Suppose -4*v = -4 + h. What is y(v)?
7
Let k(l) = -2*l + 19. Let s(c) = -c + 9. Let a(z) = 2*k(z) - 5*s(z). Give a(4).
-3
Let s be ((-1)/7)/(360/(-21)). Let t(v) be the third derivative of -1/15*v**5 + 7/24*v**4 + 0*v + 5/6*v**3 - s*v**6 + 0 + v**2. Determine t(-5).
-5
Let w(n) = -n. Let d(y) = y. Let a(z) = 3*d(z) + 4*w(z). Calculate a(-2).
2
Suppose -4*m - 12 = 8. Let y(k) = k - k + k + 10. What is y(m)?
5
Let x be (-2*1 + 2)*-1. Let i(b) = 5*b - 11. Let v(c) = c - 3. Let s(d) = 2*i(d) - 9*v(d). Determine s(x).
5
Let g(y) = -y**2 + 2*y - 1. Suppose 0 = 2*z - 4, 0 = 2*h - z - 3*z + 16. Let w be 2*2/h - 3. Let r be (-1 - w) + (-7 - -7). Determine g(r).
-4
Let g(j) be the third derivative of 0 + 1/3*j**3 - 4*j**2 + 0*j - 1/24*j**4. What is g(-2)?
4
Let h(j) be the first derivative of -j**5/60 + j**4/24 - j**3/6 + 2*j**2 + 2. Let d(u) be the second derivative of h(u). What is d(2)?
-3
Suppose 0*y - 4 = -4*y. Let l(t) = y + t + 5*t**2 + 0*t**2 - 3*t**2. Give l(-2).
7
Suppose 4 = 5*h - 1. Suppose -j + 3 - h = 0. Suppose 2*p = 3*g + p, -j*p = -5*g. Let q(b) = b - 1. Calculate q(g).
-1
Let o(m) = m**2 + 6*m + 3. Suppose 4*c + 4 = 2*c. Give o(c).
-5
Suppose 75 = 2*l + 3*l. Suppose -4*u - l = -9*u + p, 4*u = 5*p - 9. Let d(y) = -y + 1. What is d(u)?
-3
Let d(x) = -3 + x**2 + x + 14*x + 1 - 6*x. Calculate d(-9).
-2
Let n(g) = g**3 - 3*g**2 - 4*g - 3. Let z be n(4). Let o(y) be the third derivative of 0*y + 1/12*y**4 + 0 - 8*y**2 + 2/3*y**3. Calculate o(z).
-2
Let i(l) = 16*l + 6. Let f(c) = -3*c - 1. Let x(q) = 33*f(q) + 6*i(q). Let d = -3 - -2. Let n = d + 3. Determine x(n).
-3
Let h(g) = -11*g**3 - 7*g**2 + 9*g - 9. Let o(v) = -5*v**3 - 3*v**2 + 4*v - 4. Let k(t) = 4*h(t) - 9*o(t). Calculate k(-1).
-2
Let g(h) = -h**3 + 5*h**2 - 4*h. Let i be 2 + (0 - (-4 - -3)). What is g(i)?
6
Let c(m) = m + 2. Let u(i) = -3*i + 43. Let b be u(13). Determine c(b).
6
Let s(p) be the third derivative of -1/24*p**4 - 1/60*p**5 + 0 + 0*p + 4*p**2 - 4/3*p**3. Determine s(0).
-8
Let o(h) = -8*h + 4*h + h**2 + 3 + 9*h. Give o(-3).
-3
Let t(r) = 6*r**3 - 2*r + 1. Suppose c - 8 = 2. Let x = 11 - c. Calculate t(x).
5
Let h(j) = -2*j - 2. Let c = -2 - -4. What is h(c)?
-6
Let m(u) = -5*u**2 + u. Let o be m(1). Suppose -5*z - 5*d = 5, -5*z + 1 = d - 6. Let c(q) = 2*q**z - q**2 + 0*q**2 + 2*q - 1. Give c(o).
7
Let c = 4 - 2. Let a = 5 - c. Let w(h) = h**3 - 2*h**2 - h + 1. Determine w(a).
7
Suppose -t = 3*p - 5*p - 2, p - 1 = 0. Let j(v) = -1 + 3 + v**2 - 3*v + 0*v**2. What is j(t)?
6
Let s(q) = -q - 3. Let m = 11 - 19. Calculate s(m).
5
Let a(c) = c**3 - 3*c**2 - 2*c + 3. Let d(r) be the second derivative of -r**4/12 + 4*r**3/3 + 3*r**2/2 - 3*r. Let k be d(8). Give a(k).
-3
Let n(g) be the third derivative of -g**5/60 + g**4/4 - g**3/6 - 2*g**2 + 8. Calculate n(5).
4
Let z(x) = -x**2 + 5 - 4 - 4 + 4 + 4*x. Suppose 8 = 2*w - 0*w. Calculate z(w).
1
Let h = 15 - 20. Let c(p) = 2 - 6*p**2 + 0*p**3 - p**3 - p - 4*p. What is c(h)?
2
Let x(l) be the first derivative of l**4/4 + 5*l**3/3 + 5*l - 2. Let h = 3 + -1. Suppose 21 = -5*y + z, y = -h*y + 5*z + 5. Give x(y).
5
Let f(b) be the third derivative of -1/60*b**5 - 1/6*b**3 - 13/120*b**6 + 0*b - 3*b**2 + 1/24*b**4 + 0. Give f(1).
-14
Let v(s) = 4*s**3 + 0*s**3 - 2*s**3 - 3*s**3 + 2*s - 2*s**2. What is v(2)?
-12
Let r(h) = -h + 3. Let g be r(0). Let c(m) = m**2 - 3. Calculate c(g).
6
Let v(m) = 5*m**2 + 4*m + 8. Let d(l) = 4*l**2 + 3*l + 7. Let f(a) = 6*d(a) - 5*v(a). What is f(2)?
-6
Let i(m) = m**2 - 5*m. Let o be ((-35)/10 + 3)*-10. Give i(o).
0
Let s(x) = x**3 - 3*x**2 + 2*x. Let h be s(2). Suppose 12 + 23 = 7*f. Let m(v) = 1 + f*v - 1 + h. What is m(1)?
5
Let b(t) = -2*t - 12. Let r(c) = 5*c + 25. Let v(n) = 7*b(n) + 3*r(n). Let q(y) = y**3 + 7*y**2 + 7*y + 6. Let p be q(-6). Calculate v(p).
-9
Let f(l) = 4*l - 2*l + 2*l**2 + l + 3. Calculate f(-2).
5
Let j(t) = -t - 2. Let a(r) = 4*r + 15. Let h be a(-6). What is j(h)?
7
Suppose 0 = -2*j + j + 9. Let l(u) = 2*u + 15. Let g(t) = -t - 7. Let k(a) = j*g(a) + 4*l(a). Determine k(4).
-7
Let g(y) = -4 - 2*y**2 - 6*y**3 + y**3 + y**3. Let q(w) = w**3 + w. Let b(n) = -n**3 - 7*n**2 + n + 4. Let u be b(-7). Let m(d) = u*q(d) - g(d). Give m(-3).
4
Suppose 2*t = -c - 0 + 4, -3*c = 4*t - 12. Let j(x) = -x - 6. Calculate j(t).
-6
Let h(v) = v**2 + 3*v - 3. Let x(n) = n**2 + 3*n - 3. Let j(d) = 3*h(d) - 2*x(d). Suppose -3*o + 0*o = 9. Give j(o).
-3
Let p(h) = h**3 - 6*h**2 - 7*h - 1. Let c be p(7). Let a(v) = -7*v**2 - 4*v + 1. Let r(j) = -14*j**2 - 9*j + 3. Let y(u) = 5*a(u) - 2*r(u). Give y(c).
-6
Let o(y) = 18 - 18 - y. Let a(n) = -n**2 + 7*n - 6. Let z be a(5). Suppose -3*p = -z*g + 6, 0 = 4*g - 0*p + 2*p - 16. Determine o(g).
-3
Suppose -2*t = s + 2, 2*t + 3*t + 11 = -s. Let o(k) = 1. Let y(b) = -b - 1. Let x(f) = -o(f) + y(f). Determine x(t).
1
Let m(r) be the first derivative of r**4/4 + 4*r**3/3 + r**2 + 5*r + 18. What is m(-4)?
-3
Let w(b) = -b + 2. Let h(l) = l**3 - 5*l**2 - 7*l + 1. Let z be h(6). Give w(z).
7
Let c be 3/2*(-12)/(-9). Let z be c/8 - 14/(-8). Let k(j) be the first derivative of -2*j**3/3 + 2*j**2 - 3*j - 1. Give k(z).
-3
Let w be (0 + 3 + -3)/2. Let g(k) = 6*k**2 + 11*k - 41. Let p(u) = u**2 + 2*u - 8. Let v(b) = 2*g(b) - 11*p(b). Give v(w).
6
Let c = -7 - -9. Let d(j) = -j. What is d(c)?
-2
Let x(s) = 3*s**2 + 3*s**2 + 4*s**2. Let i(f) = f + 1. Let r be i(0). Let n be r/1*(0 - 1). Give x(n).
10
Let u(r) be the third derivative of -r**4/24 + 4*r**3/3 - 10*r**2. Give u(6).
2
Let l(w) be the first derivative of w**6/120 - w**4/24 + w**3/6 - w**2 + 2. Let p(r) be the second derivative of l(r). Determine p(1).
1
Let p be 1 - (3 + -2)*3. Let d(j) = 2*j**2 - 2*j - 2. What is d(p)?
10
Let c(x) be the first derivative of x**3/3 - x**2/2 + 10*x + 5. Give c(0).
10
Let z(b) = b**3 - 6*b**2 - 5*b - 9. Let a be z(7). Let r = a + -8. Let y(g) = -3*g + g - 1 - 1. Give y(r).
4
Let d(p) be the first derivative of -7*p**4/2 + p - 36. Give d(1).
-13
Let h(l) be the third derivative of -l**6/360 - l**5/20 - 7*l**4/24 + l**3/6 + l**2. Let b(s) be the first derivative of h(s). Let x = -24 + 19. Calculate b(x).
-2
Let j(r) be the first derivative of -r**2 -